[INFO] cloning repository https://github.com/Arzte/discord-bot
[INFO] running `Command { std: "git" "-c" "credential.helper=" "-c" "credential.helper=/workspace/cargo-home/bin/git-credential-null" "clone" "--bare" "https://github.com/Arzte/discord-bot" "/workspace/cache/git-repos/https%3A%2F%2Fgithub.com%2FArzte%2Fdiscord-bot", kill_on_drop: false }`
[INFO] [stderr] Cloning into bare repository '/workspace/cache/git-repos/https%3A%2F%2Fgithub.com%2FArzte%2Fdiscord-bot'...
[INFO] running `Command { std: "git" "rev-parse" "HEAD", kill_on_drop: false }`
[INFO] [stdout] 9ba5eabc766f174b9863e5012df8ac509697e379
[INFO] checking Arzte/discord-bot against try#72f88fc4e9458f89516a0b8b0868f3718aec5b47 for pr-74989
[INFO] running `Command { std: "git" "clone" "/workspace/cache/git-repos/https%3A%2F%2Fgithub.com%2FArzte%2Fdiscord-bot" "/workspace/builds/worker-6/source", kill_on_drop: false }`
[INFO] [stderr] Cloning into '/workspace/builds/worker-6/source'...
[INFO] [stderr] done.
[INFO] validating manifest of git repo https://github.com/Arzte/discord-bot on toolchain 72f88fc4e9458f89516a0b8b0868f3718aec5b47
[INFO] running `Command { std: "/workspace/cargo-home/bin/cargo" "+72f88fc4e9458f89516a0b8b0868f3718aec5b47" "read-manifest" "--manifest-path" "Cargo.toml", kill_on_drop: false }`
[INFO] started tweaking git repo https://github.com/Arzte/discord-bot
[INFO] finished tweaking git repo https://github.com/Arzte/discord-bot
[INFO] tweaked toml for git repo https://github.com/Arzte/discord-bot written to /workspace/builds/worker-6/source/Cargo.toml
[INFO] crate git repo https://github.com/Arzte/discord-bot already has a lockfile, it will not be regenerated
[INFO] running `Command { std: "/workspace/cargo-home/bin/cargo" "+72f88fc4e9458f89516a0b8b0868f3718aec5b47" "fetch" "--locked" "--manifest-path" "Cargo.toml", kill_on_drop: false }`
[INFO] [stderr] warning: unused manifest key: dependencies.url.feature
[INFO] [stderr]     Updating git repository `https://github.com/SpaceManiac/discord-rs`
[INFO] [stderr]  Downloading crates ...
[INFO] [stderr]   Downloaded pnacl-build-helper v1.4.10
[INFO] [stderr]   Downloaded openssl v0.7.14
[INFO] [stderr]   Downloaded thread_local v0.2.6
[INFO] [stderr]   Downloaded rand v0.3.14
[INFO] [stderr]   Downloaded url v1.1.1
[INFO] [stderr]   Downloaded mime v0.1.3
[INFO] [stderr]   Downloaded httparse v1.1.2
[INFO] [stderr]   Downloaded cfg-if v0.1.0
[INFO] [stderr]   Downloaded gdi32-sys v0.2.0
[INFO] [stderr]   Downloaded serde v0.6.15
[INFO] [stderr]   Downloaded unicode-bidi v0.2.3
[INFO] [stderr]   Downloaded openssl-sys-extras v0.7.14
[INFO] [stderr]   Downloaded lazy_static v0.2.1
[INFO] [stderr]   Downloaded unicode-normalization v0.1.2
[INFO] [stderr]   Downloaded openssl-verify v0.1.0
[INFO] [stderr]   Downloaded matches v0.1.2
[INFO] [stderr]   Downloaded serde_macros v0.7.14
[INFO] [stderr]   Downloaded buf_redux v0.1.3
[INFO] [stderr]   Downloaded cleverbot_io v1.0.0
[INFO] [stderr]   Downloaded num-rational v0.1.32
[INFO] [stderr]   Downloaded phf_generator v0.7.16
[INFO] [stderr]   Downloaded tempdir v0.3.4
[INFO] [stderr]   Downloaded libsodium-sys v0.0.9
[INFO] [stderr]   Downloaded phf_shared v0.7.16
[INFO] [stderr]   Downloaded net2 v0.2.25
[INFO] [stderr]   Downloaded user32-sys v0.2.0
[INFO] [stderr]   Downloaded openssl-sys v0.7.14
[INFO] [stderr]   Downloaded serde_json v0.6.1
[INFO] [stderr]   Downloaded uuid v0.2.2
[INFO] [stderr]   Downloaded num-traits v0.1.33
[INFO] [stderr]   Downloaded phf_codegen v0.7.16
[INFO] [stderr]   Downloaded num-complex v0.1.33
[INFO] [stderr]   Downloaded env_logger v0.3.4
[INFO] [stderr]   Downloaded serde_codegen_internals v0.3.0
[INFO] [stderr]   Downloaded multipart v0.5.1
[INFO] [stderr]   Downloaded num v0.1.34
[INFO] [stderr]   Downloaded quasi_codegen v0.15.0
[INFO] [stderr]   Downloaded num-bigint v0.1.33
[INFO] [stderr]   Downloaded gcc v0.3.30
[INFO] [stderr]   Downloaded rustc-serialize v0.3.19
[INFO] [stderr]   Downloaded serde_json v0.7.4
[INFO] [stderr]   Downloaded aster v0.21.1
[INFO] [stderr]   Downloaded serde v0.7.14
[INFO] [stderr]   Downloaded base64-rs v0.1.0
[INFO] [stderr]   Downloaded quasi_macros v0.15.0
[INFO] [stderr]   Downloaded websocket v0.15.2
[INFO] [stderr]   Downloaded opus v0.1.1
[INFO] [stderr]   Downloaded mime_guess v1.5.0
[INFO] [stderr]   Downloaded quasi v0.15.0
[INFO] [stderr]   Downloaded mime v0.2.1
[INFO] [stderr]   Downloaded serde_codegen v0.7.14
[INFO] [stderr]   Downloaded libc v0.2.14
[INFO] [stderr]   Downloaded hyper v0.9.10
[INFO] [stderr]   Downloaded regex-syntax v0.3.4
[INFO] [stderr]   Downloaded hyper v0.7.2
[INFO] [stderr]   Downloaded regex v0.1.73
[INFO] [stderr]   Downloaded hyper v0.8.1
[INFO] [stderr]   Downloaded url v0.5.9
[INFO] [stderr] warning: TOML file found which contains invalid syntax and will soon not parse
[INFO] [stderr] at `/workspace/cargo-home/registry/src/github.com-1ecc6299db9ec823/url-0.5.9/Cargo.toml`.
[INFO] [stderr] 
[INFO] [stderr] The TOML spec requires newlines after table definitions (e.g., `[a] b = 1` is
[INFO] [stderr] invalid), but this file has a table header which does not have a newline after
[INFO] [stderr] it. A newline needs to be added and this warning will soon become a hard error
[INFO] [stderr] in the future.
[INFO] [stderr]   Downloaded opus-sys v0.2.1
[INFO] [stderr]   Downloaded aho-corasick v0.5.2
[INFO] [stderr]   Downloaded sodiumoxide v0.0.9
[INFO] [stderr]   Downloaded phf v0.7.16
[INFO] running `Command { std: "docker" "create" "-v" "/var/lib/crater-agent-workspace/builds/worker-6/target:/opt/rustwide/target:rw,Z" "-v" "/var/lib/crater-agent-workspace/builds/worker-6/source:/opt/rustwide/workdir:ro,Z" "-v" "/var/lib/crater-agent-workspace/cargo-home:/opt/rustwide/cargo-home:ro,Z" "-v" "/var/lib/crater-agent-workspace/rustup-home:/opt/rustwide/rustup-home:ro,Z" "-e" "SOURCE_DIR=/opt/rustwide/workdir" "-e" "CARGO_TARGET_DIR=/opt/rustwide/target" "-e" "CARGO_HOME=/opt/rustwide/cargo-home" "-e" "RUSTUP_HOME=/opt/rustwide/rustup-home" "-w" "/opt/rustwide/workdir" "-m" "1610612736" "--user" "0:0" "--network" "none" "rustops/crates-build-env@sha256:d92eaeed33fa75130ca1ee6c8a01d1ffb62bac859dfdfb3450e3e5d1c0146529" "/opt/rustwide/cargo-home/bin/cargo" "+72f88fc4e9458f89516a0b8b0868f3718aec5b47" "metadata" "--no-deps" "--format-version=1", kill_on_drop: false }`
[INFO] [stdout] 3c8a004a5437522c93af6d6eac94f7e12016fc3c8228895505cbaf7ee457f9a1
[INFO] [stderr] WARNING: Your kernel does not support swap limit capabilities or the cgroup is not mounted. Memory limited without swap.
[INFO] running `Command { std: "docker" "start" "-a" "3c8a004a5437522c93af6d6eac94f7e12016fc3c8228895505cbaf7ee457f9a1", kill_on_drop: false }`
[INFO] running `Command { std: "docker" "inspect" "3c8a004a5437522c93af6d6eac94f7e12016fc3c8228895505cbaf7ee457f9a1", kill_on_drop: false }`
[INFO] running `Command { std: "docker" "rm" "-f" "3c8a004a5437522c93af6d6eac94f7e12016fc3c8228895505cbaf7ee457f9a1", kill_on_drop: false }`
[INFO] [stdout] 3c8a004a5437522c93af6d6eac94f7e12016fc3c8228895505cbaf7ee457f9a1
[INFO] running `Command { std: "docker" "create" "-v" "/var/lib/crater-agent-workspace/builds/worker-6/target:/opt/rustwide/target:rw,Z" "-v" "/var/lib/crater-agent-workspace/builds/worker-6/source:/opt/rustwide/workdir:ro,Z" "-v" "/var/lib/crater-agent-workspace/cargo-home:/opt/rustwide/cargo-home:ro,Z" "-v" "/var/lib/crater-agent-workspace/rustup-home:/opt/rustwide/rustup-home:ro,Z" "-e" "SOURCE_DIR=/opt/rustwide/workdir" "-e" "CARGO_TARGET_DIR=/opt/rustwide/target" "-e" "CARGO_INCREMENTAL=0" "-e" "RUST_BACKTRACE=full" "-e" "RUSTFLAGS=--cap-lints=forbid" "-e" "CARGO_HOME=/opt/rustwide/cargo-home" "-e" "RUSTUP_HOME=/opt/rustwide/rustup-home" "-w" "/opt/rustwide/workdir" "-m" "1610612736" "--user" "0:0" "--network" "none" "rustops/crates-build-env@sha256:d92eaeed33fa75130ca1ee6c8a01d1ffb62bac859dfdfb3450e3e5d1c0146529" "/opt/rustwide/cargo-home/bin/cargo" "+72f88fc4e9458f89516a0b8b0868f3718aec5b47" "check" "--frozen" "--all" "--all-targets" "--message-format=json", kill_on_drop: false }`
[INFO] [stdout] a52d5b3b56314ccf9ddccd70ef8ee7e841d0c277ffcfb0c5e98d44de37e55ab5
[INFO] [stderr] WARNING: Your kernel does not support swap limit capabilities or the cgroup is not mounted. Memory limited without swap.
[INFO] running `Command { std: "docker" "start" "-a" "a52d5b3b56314ccf9ddccd70ef8ee7e841d0c277ffcfb0c5e98d44de37e55ab5", kill_on_drop: false }`
[INFO] [stderr] warning: unused manifest key: dependencies.url.feature
[INFO] [stderr] warning: TOML file found which contains invalid syntax and will soon not parse
[INFO] [stderr] at `/opt/rustwide/cargo-home/registry/src/github.com-1ecc6299db9ec823/url-0.5.9/Cargo.toml`.
[INFO] [stderr] 
[INFO] [stderr] The TOML spec requires newlines after table definitions (e.g., `[a] b = 1` is
[INFO] [stderr] invalid), but this file has a table header which does not have a newline after
[INFO] [stderr] it. A newline needs to be added and this warning will soon become a hard error
[INFO] [stderr] in the future.
[INFO] [stderr]     Checking libc v0.2.14
[INFO] [stderr]    Compiling pkg-config v0.3.8
[INFO] [stderr]     Checking rustc-serialize v0.3.19
[INFO] [stderr]     Checking num-traits v0.1.33
[INFO] [stderr]    Compiling gcc v0.3.30
[INFO] [stderr]     Checking log v0.3.6
[INFO] [stderr]     Checking matches v0.1.2
[INFO] [stderr]     Checking unicode-normalization v0.1.2
[INFO] [stderr]    Compiling semver v0.1.20
[INFO] [stderr]     Checking lazy_static v0.2.1
[INFO] [stderr]     Checking httparse v1.1.2
[INFO] [stderr]     Checking traitobject v0.0.1
[INFO] [stderr]     Checking typeable v0.1.2
[INFO] [stderr]    Compiling phf_shared v0.7.16
[INFO] [stderr]     Checking language-tags v0.2.2
[INFO] [stderr]     Checking regex-syntax v0.3.4
[INFO] [stdout] error[E0642]: patterns aren't allowed in functions without bodies
[INFO] [stdout]    --> /opt/rustwide/cargo-home/registry/src/github.com-1ecc6299db9ec823/rustc-serialize-0.3.19/src/serialize.rs:147:45
[INFO] [stdout]     |
[INFO] [stdout] 147 | ...                   &f_name: &str,
[INFO] [stdout]     |                       ^^^^^^^ pattern not allowed in function without body
[INFO] [stdout] 
[INFO] [stdout] 
[INFO] [stderr]    Compiling aster v0.21.1
[INFO] [stderr]    Compiling serde_codegen v0.7.14
[INFO] [stderr]     Checking cfg-if v0.1.0
[INFO] [stderr]     Checking itoa v0.1.1
[INFO] [stderr]     Checking buf_redux v0.1.3
[INFO] [stderr]    Compiling quasi v0.15.0
[INFO] [stderr]    Compiling serde_codegen_internals v0.3.0
[INFO] [stdout] error[E0463]: can't find crate for `syntax`
[INFO] [stdout]   --> /opt/rustwide/cargo-home/registry/src/github.com-1ecc6299db9ec823/aster-0.21.1/src/lib.rs:10:1
[INFO] [stdout]    |
[INFO] [stdout] 10 | extern crate syntax;
[INFO] [stdout]    | ^^^^^^^^^^^^^^^^^^^^ can't find crate
[INFO] [stdout] 
[INFO] [stdout] 
[INFO] [stdout] error: aborting due to previous error
[INFO] [stdout] 
[INFO] [stdout] 
[INFO] [stdout] For more information about this error, try `rustc --explain E0463`.
[INFO] [stdout] 
[INFO] [stderr]     Checking bitflags v0.3.3
[INFO] [stderr] error: could not compile `aster`.
[INFO] [stderr] 
[INFO] [stderr] To learn more, run the command again with --verbose.
[INFO] [stderr] warning: build failed, waiting for other jobs to finish...
[INFO] [stdout] error[E0463]: can't find crate for `syntax`
[INFO] [stdout]   --> /opt/rustwide/cargo-home/registry/src/github.com-1ecc6299db9ec823/serde_codegen_internals-0.3.0/src/lib.rs:13:1
[INFO] [stdout]    |
[INFO] [stdout] 13 | extern crate syntax;
[INFO] [stdout]    | ^^^^^^^^^^^^^^^^^^^^ can't find crate
[INFO] [stdout] 
[INFO] [stdout] 
[INFO] [stdout] error: aborting due to previous error
[INFO] [stdout] 
[INFO] [stdout] 
[INFO] [stdout] For more information about this error, try `rustc --explain E0463`.
[INFO] [stdout] 
[INFO] [stdout] error[E0463]: can't find crate for `syntax`
[INFO] [stdout]   --> /opt/rustwide/cargo-home/registry/src/github.com-1ecc6299db9ec823/quasi-0.15.0/src/lib.rs:23:1
[INFO] [stdout]    |
[INFO] [stdout] 23 | extern crate syntax;
[INFO] [stdout]    | ^^^^^^^^^^^^^^^^^^^^ can't find crate
[INFO] [stdout] 
[INFO] [stdout] 
[INFO] [stdout] error: aborting due to previous error
[INFO] [stdout] 
[INFO] [stdout] 
[INFO] [stdout] For more information about this error, try `rustc --explain E0463`.
[INFO] [stdout] 
[INFO] [stdout] error: aborting due to previous error
[INFO] [stdout] 
[INFO] [stdout] 
[INFO] [stdout] For more information about this error, try `rustc --explain E0642`.
[INFO] [stdout] 
[INFO] [stderr] error: build failed
[INFO] running `Command { std: "docker" "inspect" "a52d5b3b56314ccf9ddccd70ef8ee7e841d0c277ffcfb0c5e98d44de37e55ab5", kill_on_drop: false }`
[INFO] running `Command { std: "docker" "rm" "-f" "a52d5b3b56314ccf9ddccd70ef8ee7e841d0c277ffcfb0c5e98d44de37e55ab5", kill_on_drop: false }`
[INFO] [stdout] a52d5b3b56314ccf9ddccd70ef8ee7e841d0c277ffcfb0c5e98d44de37e55ab5
